prime factors of d(a)?
2, 3, 43
Let a be 0*(1 + -2) - -2. Suppose -a*l - 2*l = -324. Suppose 5*o - l = 2*o - 3*g, -3*g + 137 = 5*o. List the prime factors of o.
2, 7
Let u(o) = o + 17. Let g be u(-11). Let a = 10 - g. Suppose 5*y - a*y - 156 = -4*f, -f = 2*y - 32. List the prime factors of f.
2, 5
Suppose 19*k - 21531 - 6570 = 0. What are the prime factors of k?
3, 17, 29
Suppose 14212 = 28*c - 11*c. List the prime factors of c.
2, 11, 19
Suppose 5*d - 2*q = 785 + 372, -2*d - 5*q = -486. List the prime factors of d.
233
Let f(o) = -93*o - 3. Let c be f(-2). Suppose 6257 = 5*a - c. What are the prime factors of (-1)/(-3) - a/(-24)?
2, 3
Suppose 0 = 4*q, 0 = -b - 2*q + 59 + 756. What are the prime factors of b?
5, 163
Let d be (-2)/(-4)*-8 - 7. Let c = -6 - d. Let u = 39 + c. List the prime factors of u.
2, 11
Suppose f + 4*q - 90 = -q, 4*f = 5*q + 285. Suppose 4*z - 5*z + f = 0. List the prime factors of z.
3, 5
Let n(i) = 5*i**2 + 4*i - 15. List the prime factors of n(4).
3
Suppose 10*z - 6*z + 4 = 0. Let m(k) = 17*k**2 - 3*k - 3. Let o(l) = l**2 + l + 1. Let w(p) = m(p) + 4*o(p). What are the prime factors of w(z)?
3, 7
Let p = 140 - 99. Suppose -p = -i + 31. List the prime factors of i.
2, 3
Let j(t) = -7*t**3 - 4*t**2 - 4*t - 16. Let k(i) = i**2 + 17*i - 21. Let p be k(-18). What are the prime factors of j(p)?
149
Let f(a) = 2*a**2 - 10*a - 6. Let t be f(5). What are the prime factors of (-6)/(-4) + t/(-4)?
3
Suppose -5*x - 3*y - 1366 = 0, -3*x + 2*y - 3*y = 822. Let v = -162 - x. List the prime factors of v.
113
Let a(b) = 32*b**2 - 25*b + 171. What are the prime factors of a(7)?
2, 17, 23
What are the prime factors of (1180 + 48)*(-1 + 1 + 2)?
2, 307
What are the prime factors of (-6032)/2*108/(-108)?
2, 13, 29
Suppose -n = 0, 10*a + 52 = 12*a - 3*n. List the prime factors of a.
2, 13
Let p(b) = 263*b**2 + 4*b - 15. List the prime factors of p(2).
5, 11, 19
Let h(v) = -191*v**3 + v**2 + v + 1. Let m be h(-1). Suppose -m = -2*o - 64. List the prime factors of o.
2
Let a = -48 + 928. Suppose -4*f - 68 + a = 0. Suppose -5*p + f = -57. What are the prime factors of p?
2, 13
Suppose -w + 235 = 4*w. Suppose 5*a - 42 = 4*o + w, 0 = 2*o - 8. What are the prime factors of a?
3, 7
Let a(i) = 12*i**2 + i + 2. Let t be (-3)/15 + (-55)/(-25). Let f be a(t). Suppose 3*w + 19 - f = 0. What are the prime factors of w?
11
Let y(h) = 2*h**2 + 34*h + 698. List the prime factors of y(44).
2, 3, 337
Let b(k) = -9 + 2 - 6*k + 2. List the prime factors of b(-20).
5, 23
Let u(q) = 3*q**3 - 5*q**2 + 3*q - 9. Let m be u(-5). What are the prime factors of (-4 + 1)/(6/m)?
2, 131
Let d(k) = -32*k - 11*k + 25*k + 1 - 77*k. What are the prime factors of d(-1)?
2, 3
Suppose -7*d = -4*d - 6, -4*b = 3*d + 38. Let h = b - -36. List the prime factors of h.
5
Let i(m) = m**3 + 6*m**2 + 4*m - 10. Let c be i(-5). Let h(n) = -48*n - 9. List the prime factors of h(c).
3, 7, 11
Let u be (1 + 6)*(2 - 1). Suppose 2*m = 2*b + 8, -9 = 3*b - u*b - m. Let q(s) = 22*s**2 + 3*s - 2. What are the prime factors of q(b)?
23
Suppose -2*a - 10920 = -2*x, 8*a - 6*a = 0. List the prime factors of x.
2, 3, 5, 7, 13
Let a(q) = q**3 - 6*q**2 - 10*q - 1. Let u be a(7). Let r = u - -58. List the prime factors of r.
2, 3
Let v = -211 + 429. Suppose -5*x = -v + 38. Let i = x + -22. List the prime factors of i.
2, 7
Suppose 0 = -5*k + k. Suppose k = 6*l - l - 10. Suppose -l*m - f + 36 = m, 3*f = -m + 4. What are the prime factors of m?
13
Let i(u) = -4*u**2 + 2*u - 4. Let f(d) = 5*d**2 - 2*d + 5. Let l(t) = 5*f(t) + 6*i(t). Let q be l(-5). Suppose 2*r - q = 26. What are the prime factors of r?
3, 7
Let k(t) = 2*t + 24 - 9*t**3 + 8*t**3 - 7*t**2 + 6*t - t. List the prime factors of k(-9).
3, 41
Let p(z) = z**2 - 6*z - 2. Let q be 1/((-24)/(-28) - 1). Let j be p(q). Suppose -5*y - r + j = 2*r, -4*y - 3*r = -70. List the prime factors of y.
19
Let j(v) = 3*v - 3. Let y be j(2). Suppose -t - 19 = -3*n, y*n - 3*t = n + 22. Suppose -f = -13 - n. What are the prime factors of f?
2, 3
Let z(n) = n**3 - 19*n**2 - 16*n + 11. Suppose 5*m = -2*b + 60, 0 = -3*b - 0*b + 3*m + 48. What are the prime factors of z(b)?
7, 13
Let g = 119 - -30. List the prime factors of g.
149
Let b(q) be the second derivative of 17*q**4/12 - q**3/3 - 5*q**2/2 + 8*q. What are the prime factors of b(-2)?
67
Let y = 11 - 6. Suppose i - v = -4*i + 5, y*i = -2*v - 10. Suppose i = 3*x + 9 - 45. What are the prime factors of x?
2, 3
Let v be 3*2/33 + 520/44. Suppose 0 = 2*r - v*r + 640. List the prime factors of r.
2
List the prime factors of 161 - (-28)/6*18/(-21).
157
Let o = 869 - -429. What are the prime factors of o?
2, 11, 59
Let t(o) = -o**2 - 10*o - 11. Let u be t(-6). Suppose -2*y - 4*n + 16 = 0, y = 2*y + n - 13. Suppose -u*w + y*w = 210. What are the prime factors of w?
2, 3, 7
Let j = -2 + 0. Let c(z) = -20*z + 8. List the prime factors of c(j).
2, 3
Suppose n + 204 = 3*q - 4*n, -12 = 4*n. Let g = -21 + q. List the prime factors of g.
2, 3, 7
Let v(q) = 3*q - 10. Let r be (5 - 0)*(1 - 2). Let i be v(r). Let y = 37 + i. What are the prime factors of y?
2, 3
Suppose -k + 7 = x, 4*x - 34 = -10*k + 5*k. Suppose -22 = -k*o + 212. Let c = 83 - o. List the prime factors of c.
2, 11
Suppose -5*p - 178 = -578. List the prime factors of p/(-3)*(1 - 2)*3.
2, 5
Suppose n - 2*i + 77 = 0, i = 4*n + 2*i + 335. Let p = n - -151. List the prime factors of p.
2, 17
Let o = 2276 - 1262. What are the prime factors of o?
2, 3, 13
What are the prime factors of (-11570)/(-25)*45/18?
13, 89
Suppose 3*j + 2*r - 17 = 0, -4*j - r = -8*j + 8. Let m(f) = 10*f**3 - 11*f**j - 4*f**2 - 13 - 9*f**2 - 3*f. What are the prime factors of m(-13)?
2, 13
What are the prime factors of (-9668)/(-8) - 3 - 21/14?
2, 7, 43
Suppose -3*s - i = 2*s - 20, -i = 0. What are the prime factors of (-2)/s + (-748)/(-8)?
3, 31
Let r be (-7)/((4/6)/2). Let a be 3/r + (-30)/(-14). Suppose -a*d - 22 = -3*d. What are the prime factors of d?
2, 11
Let w be 5 + (10/(-2) - -3). Let v(i) = -i**2 + 3*i + 3. Let x be v(w). Suppose x*c - 57 = -0*c. What are the prime factors of c?
19
Suppose -m - 12 = -9. Let l be (-1 + m - -3)/(-1). List the prime factors of -1 - (-11 - (l - 0)).
11
Suppose b - 996 = -3*q, -17*b - 1994 = -19*b - 5*q. What are the prime factors of b?
2, 3, 167
Let g(c) = c**3 + 12*c**2 - 15*c + 16. What are the prime factors of g(-13)?
2, 3, 7
Suppose -4*o - 30*n = -27*n - 3342, -4*o + 3328 = -4*n. What are the prime factors of o?
2, 3, 139
List the prime factors of 227104/705 - 2/15.
2, 7, 23
Let d(g) = 424*g + 1. List the prime factors of d(4).
1697
Let c(h) = 62*h - 9. Let g be c(3). Let j be 12/2 + -2 + 1. Suppose j*o - g + 32 = 0. What are the prime factors of o?
29
What are the prime factors of (-1077)/(-5) - 54/135?
5, 43
Let b be (-4)/10 - 54/(-10). Suppose 0 = -5*p, -b*n + p + 67 = -488. Suppose 0 = x + 2*x - n. List the prime factors of x.
37
Suppose -3*l = -3*x - 1767, -5*l - 3*x + 3965 = 1060. What are the prime factors of l?
2, 73
Suppose 0 = 5*i - i - 16. Suppose -2*p = -i*o - 90, 0*o + 224 = 4*p + 3*o. List the prime factors of p.
53
Suppose 0*i + 14 = 2*i. Suppose 3 = i*f - 11. Suppose -f*s - 4*s + 24 = 0. List the prime factors of s.
2
What are the prime factors of (19 - 12) + (2/2 - -2890)?
2, 3, 7, 23
Let q = 903 - -1144. List the prime factors of q.
23, 89
Let m be 3/(-5) - 15/(-25). Suppose m*n = 3*n - 96. List the prime factors of n.
2
Suppose -11 = -3*p + 19. Suppose -3*m - p = -4. Let o = m + 4. What are the prime factors of o?
2
Let w = 41 + -309. Let a = 22 - w. List the prime factors of a.
2, 5, 29
Let a(r) = -r**3 + 2*r**2 - 3*r - 1. Let d be a(3). Let g = -16 - d. List the prime factors of g/2 + 219/6.
2, 19
Suppose -4*v = -16, -5*j - 144 - 17 = v. Let z = j - -35. Suppose -2*l + 257 = z*l + 5*p, 2*l - 124 = 2*p. List the prime factors of l.
3, 7
Suppose 3190 = -5*f - 3*g + 18371, 3*g = -4*f + 12146. List the prime factors of f.
5, 607
Suppose 1970 = 3*s - 5*u, -4*s + 642 = -3*s + 2*u. What are the prime factors of s?
2, 5, 13
Let v be 2/(-6) - (-280)/(-6). Let d = 23 - v. What are the prime factors of d?
2, 5, 7
Suppose -d = 2*d - 90. Let o be ((-80)/d)/((-4)/(-6)). List the prime factors of 525/12 + (-1)/o.
2, 11
Suppose -1727*j - 19640 = -1737